{"version":"1.0","provider_name":"Cologne Institute for Management Consulting","provider_url":"https:\/\/www.ki-management.com\/en","title":"[:de]Unsere neue Kollegin Andrea Kluit im Interview[:] - K\u00f6lner Institut f\u00fcr Managementberatung","type":"rich","width":600,"height":338,"html":"<blockquote class=\"wp-embedded-content\" data-secret=\"ov3HjWPQ4H\"><a href=\"https:\/\/www.ki-management.com\/en\/492\/unsere-neue-kollegin-andrea-kluit-im-interview\/\">[:de]An interview with our new colleague Andrea Kluit[:]<\/a><\/blockquote><iframe sandbox=\"allow-scripts\" security=\"restricted\" src=\"https:\/\/www.ki-management.com\/en\/492\/unsere-neue-kollegin-andrea-kluit-im-interview\/embed\/#?secret=ov3HjWPQ4H\" width=\"600\" height=\"338\" title=\"&#8220;[:de]Unsere neue Kollegin Andrea Kluit im Interview[:]&#8221; &#8212; K\u00f6lner Institut f\u00fcr Managementberatung\" data-secret=\"ov3HjWPQ4H\" frameborder=\"0\" marginwidth=\"0\" marginheight=\"0\" scrolling=\"no\" class=\"wp-embedded-content\"><\/iframe><script>\n\/*! This file is auto-generated *\/\n!function(d,l){\"use strict\";l.querySelector&&d.addEventListener&&\"undefined\"!=typeof URL&&(d.wp=d.wp||{},d.wp.receiveEmbedMessage||(d.wp.receiveEmbedMessage=function(e){var t=e.data;if((t||t.secret||t.message||t.value)&&!\/[^a-zA-Z0-9]\/.test(t.secret)){for(var s,r,n,a=l.querySelectorAll('iframe[data-secret=\"'+t.secret+'\"]'),o=l.querySelectorAll('blockquote[data-secret=\"'+t.secret+'\"]'),c=new RegExp(\"^https?:$\",\"i\"),i=0;i<o.length;i++)o[i].style.display=\"none\";for(i=0;i<a.length;i++)s=a[i],e.source===s.contentWindow&&(s.removeAttribute(\"style\"),\"height\"===t.message?(1e3<(r=parseInt(t.value,10))?r=1e3:~~r<200&&(r=200),s.height=r):\"link\"===t.message&&(r=new URL(s.getAttribute(\"src\")),n=new URL(t.value),c.test(n.protocol))&&n.host===r.host&&l.activeElement===s&&(d.top.location.href=t.value))}},d.addEventListener(\"message\",d.wp.receiveEmbedMessage,!1),l.addEventListener(\"DOMContentLoaded\",function(){for(var e,t,s=l.querySelectorAll(\"iframe.wp-embedded-content\"),r=0;r<s.length;r++)(t=(e=s[r]).getAttribute(\"data-secret\"))||(t=Math.random().toString(36).substring(2,12),e.src+=\"#?secret=\"+t,e.setAttribute(\"data-secret\",t)),e.contentWindow.postMessage({message:\"ready\",secret:t},\"*\")},!1)))}(window,document);\n\/\/# sourceURL=https:\/\/www.ki-management.com\/wp-includes\/js\/wp-embed.min.js\n<\/script>","thumbnail_url":"https:\/\/www.ki-management.com\/wp-content\/uploads\/2019\/06\/Andrea.jpg","thumbnail_width":2400,"thumbnail_height":1126,"description":"[:de] Herzlich willkommen im KI.M, liebe Andrea! Wer bist du? Ich bin eine vielseitig interessierte, optimistische, kontaktfreudige und belastbare Managementtrainerin. Mit welchem besonderen Talent unterst\u00fctzt du ab jetzt unser Team? F\u00fcr das KI.M sind sicher meine vielf\u00e4ltigen Erfahrungen in den Bereichen AC und Training von Bedeutung, die ich hier gerne einbringen m\u00f6chte. Auch f\u00fcr das ... Weiterlesen ..."}

[:de]Unsere neue Kollegin Andrea Kluit im Interview[:] - Kölner Institut für Managementberatung

<blockquote class="wp-embedded-content" data-secret="ov3HjWPQ4H"><a href="https://www.ki-management.com/en/492/unsere-neue-kollegin-andrea-kluit-im-interview/">[:de]An interview with our new colleague Andrea Kluit[:]</a></blockquote><iframe sandbox="allow-scripts" security="restricted" src="https://www.ki-management.com/en/492/unsere-neue-kollegin-andrea-kluit-im-interview/embed/#?secret=ov3HjWPQ4H" width="600" height="338" title="&#8220;[:de]Unsere neue Kollegin Andrea Kluit im Interview[:]&#8221; &#8212; Kölner Institut für Managementberatung" data-secret="ov3HjWPQ4H" frameborder="0" marginwidth="0" marginheight="0" scrolling="no" class="wp-embedded-content"></iframe><script>
/*! This file is auto-generated */
!function(d,l){"use strict";l.querySelector&&d.addEventListener&&"undefined"!=typeof URL&&(d.wp=d.wp||{},d.wp.receiveEmbedMessage||(d.wp.receiveEmbedMessage=function(e){var t=e.data;if((t||t.secret||t.message||t.value)&&!/[^a-zA-Z0-9]/.test(t.secret)){for(var s,r,n,a=l.querySelectorAll('iframe[data-secret="'+t.secret+'"]'),o=l.querySelectorAll('blockquote[data-secret="'+t.secret+'"]'),c=new RegExp("^https?:$","i"),i=0;i<o.length;i++)o[i].style.display="none";for(i=0;i<a.length;i++)s=a[i],e.source===s.contentWindow&&(s.removeAttribute("style"),"height"===t.message?(1e3<(r=parseInt(t.value,10))?r=1e3:~~r<200&&(r=200),s.height=r):"link"===t.message&&(r=new URL(s.getAttribute("src")),n=new URL(t.value),c.test(n.protocol))&&n.host===r.host&&l.activeElement===s&&(d.top.location.href=t.value))}},d.addEventListener("message",d.wp.receiveEmbedMessage,!1),l.addEventListener("DOMContentLoaded",function(){for(var e,t,s=l.querySelectorAll("iframe.wp-embedded-content"),r=0;r<s.length;r++)(t=(e=s[r]).getAttribute("data-secret"))||(t=Math.random().toString(36).substring(2,12),e.src+="#?secret="+t,e.setAttribute("data-secret",t)),e.contentWindow.postMessage({message:"ready",secret:t},"*")},!1)))}(window,document);
//# sourceURL=https://www.ki-management.com/wp-includes/js/wp-embed.min.js
</script>

[:de] Herzlich willkommen im KI.M, liebe Andrea! Wer bist du? Ich bin eine vielseitig interessierte, optimistische, kontaktfreudige und belastbare Managementtrainerin. Mit welchem besonderen Talent unterstützt du ab jetzt unser Team? Für das KI.M sind sicher meine vielfältigen Erfahrungen in den Bereichen AC und Training von Bedeutung, die ich hier gerne einbringen möchte. Auch für das ... Weiterlesen ...
